{"id":46,"date":"2021-11-18T11:35:13","date_gmt":"2021-11-18T11:35:13","guid":{"rendered":"http:\/\/www.jamarbhp.pl\/?page_id=46"},"modified":"2021-11-18T11:35:13","modified_gmt":"2021-11-18T11:35:13","slug":"uslugi-ppoz","status":"publish","type":"page","link":"https:\/\/www.jamarbhp.pl\/index.php\/uslugi-ppoz\/","title":{"rendered":"Us\u0142ugi Ppo\u017c"},"content":{"rendered":"\n<p><strong>Ochrona przeciwpo\u017carowa<\/strong><\/p>\n\n\n\n<p>Jamar pomo\u017ce wykona\u0107 dzia\u0142ania pozwalaj\u0105ce na spe\u0142nienie przez firm\u0119 wymog\u00f3w wynikaj\u0105cych z obowi\u0105zuj\u0105cych przepis\u00f3w.<\/p>\n\n\n\n<p><strong>Oferujemy us\u0142ugi:<br><\/strong><br>1. Opracowanie Instrukcji Bezpiecze\u0144stwa Po\u017carowego<br>Oferujemy opracowanie instrukcji bezpiecze\u0144stwa po\u017carowego dla r\u00f3\u017cnego rodzaju obiekt\u00f3w r\u00f3wnie\u017c sakralnych.<br>Kompleksowa us\u0142uga w tym zakresie obejmuje:<\/p>\n\n\n\n<ul><li>dok\u0142adn\u0105 inwentaryzacj\u0119 obiektu i zainstalowanych w nim urz\u0105dze\u0144 przeciwpo\u017carowych;<\/li><li>sprawdzenie obowi\u0105zuj\u0105cych w obiekcie procedur ewakuacyjnych lub w przypadku ich braku pomoc w opracowaniu takowych procedur;<\/li><li>sporz\u0105dzenie dokumentu instrukcji bezpiecze\u0144stwa po\u017carowego (\u0142\u0105cznie z planami ewakuacyjnymi oraz rozmieszczenia sprz\u0119tu ppo\u017c.);<\/li><li>pomoc i doradztwo w zakresie wdro\u017cenia instrukcji bezpiecze\u0144stwa po\u017carowego w obiekcie oraz przekazaniu niezb\u0119dnych danych do Pa\u0144stwowej Stra\u017cy Po\u017carnej.<\/li><\/ul>\n\n\n\n<p>2. Ocena zagro\u017cenia wybuchem<br>Pomo\u017cemy w dokonaniu oceny zagro\u017cenia wybuchem wraz ze sporz\u0105dzeniem stosownego dokumentu w tym zakresie. Dok\u0142adny zakres us\u0142ugi obejmuje:<\/p>\n\n\n\n<ul><li>wskazanie w oparciu o obliczenia pomieszcze\u0144 zagro\u017conych wybuchem;<\/li><li>wyznaczenie w pomieszczeniach i przestrzeniach zewn\u0119trznych odpowiednich stref zagro\u017cenia wybuchem;<\/li><li>wskazanie w pomieszczeniach oraz strefach zagro\u017cenia wybuchem czynnik\u00f3w mog\u0105cych zainicjowa\u0107 zap\u0142on;<\/li><li>sporz\u0105dzenie stosownego dokumentu oceny zagro\u017cenia wybuchem wraz z graficzn\u0105 dokumentacj\u0105 klasyfikacyjn\u0105 (plany sytuacyjne obrazuj\u0105ce rodzaj i zasi\u0119g stref zagro\u017cenia wybuchem oraz lokalizacj\u0119 i identyfikacj\u0119 \u017ar\u00f3de\u0142 emisji).<\/li><\/ul>\n\n\n\n<p>Wy\u017cej wymieniona ocena mo\u017ce dodatkowo obejmowa\u0107 doradztwo w zakresie specjalistycznego wyposa\u017cenia oraz oznakowania pomieszcze\u0144 i stref zagro\u017cenia wybuchem.<\/p>\n\n\n\n<p>3. Opracowanie Dokumentu Zabezpieczenia Przed Wybuchem<br>Oferujemy opracowanie Dokumentu Zabezpieczenia Przed Wybuchem zgodnie z wymogami okre\u015blonymi w rozporz\u0105dzeniu Ministra Gospodarki z dnia 8 lipca 2010 r. w sprawie minimalnych wymaga\u0144, dotycz\u0105cych bezpiecze\u0144stwa i higieny pracy, zwi\u0105zanych z mo\u017cliwo\u015bci\u0105 wyst\u0105pienia w miejscu pracy atmosfery wybuchowej. Kompleksowa us\u0142uga w tym zakresie obejmuje:<\/p>\n\n\n\n<ul><li>dokonanie kompleksowej oceny ryzyka zwi\u0105zanego z mo\u017cliwo\u015bci\u0105 wyst\u0105pienia w miejscu pracy atmosfery wybuchowej;<\/li><li>sporz\u0105dzenie Dokumentu Zabezpieczenia Przed Wybuchem;<\/li><li>zaproponowanie dzia\u0142a\u0144 ograniczaj\u0105cych mo\u017cliwo\u015b\u0107 wybuchu;<\/li><li>udzia\u0142 specjalisty w okresowej aktualizacji powy\u017cszych dzia\u0142a\u0144, wymaganej przepisami.<\/li><\/ul>\n\n\n\n<p>4. Organizacja praktycznych \u0107wicze\u0144 ewakuacyjnych<br>W ramach naszych us\u0142ug oferujemy kompleksow\u0105, specjalistyczn\u0105 pomoc w organizacji \u0107wicze\u0144 ewakuacyjnych w obiekcie.<\/p>\n\n\n\n<p>5. Szkolenia z zakresu ochrony przeciwpo\u017carowej<br>Organizujemy i przeprowadzamy r\u00f3\u017cnorodne szkolenia z zakresu ochrony przeciwpo\u017carowej, w tym szkolenia dla os\u00f3b wyznaczonych do zwalczania po\u017car\u00f3w i ewakuacji pracownik\u00f3w. Tematyk\u0119 i programy szkole\u0144 uzgadniamy bezpo\u015brednio z klientem. Oferujemy nast\u0119puj\u0105ce metody szkole\u0144:<\/p>\n\n\n\n<ul><li>wyk\u0142ad i prezentacja multimedialna obrazuj\u0105ce specyfik\u0119 zagro\u017cenia po\u017carowego okre\u015blonej bran\u017cy, wymogi i warunki ewakuacji, procedury bezpiecze\u0144stwa;<\/li><li>prezentacja film\u00f3w instrukta\u017cowych;<\/li><li>uczenie przez do\u015bwiadczenie, czyli praktyczne \u0107wiczenia gaszenia ognia z u\u017cyciem r\u00f3\u017cnych typ\u00f3w i rodzaj\u00f3w ga\u015bnic oraz hydrant\u00f3w wewn\u0119trznych.<\/li><\/ul>\n\n\n\n<p><strong>Dodatkowo oferujemy:<\/strong><\/p>\n\n\n\n<p>6. Przeprowadzanie audyt\u00f3w i kontroli stanu ochrony przeciwpo\u017carowej.<br>Przeprowadzanie kompleksowego przegl\u0105du obiekt\u00f3w oraz ich dokumentacji z zakresu ochrony przeciwpo\u017carowej i sporz\u0105dzenie stosownych raport\u00f3w.<\/p>\n\n\n\n<p>7. Opracowanie opinii, ekspertyz z zakresu ppo\u017c.<br>Sporz\u0105dzamy opinie oraz ekspertyzy z zakresu ochrony przeciwpo\u017carowej, w tym ekspertyzy budowlane dotycz\u0105ce dostosowania obiekt\u00f3w do wymog\u00f3w ppo\u017c. wraz z uzgodnieniem z odpowiednim miejscowo Komendantem Wojew\u00f3dzkim Pa\u0144stwowej Stra\u017cy Po\u017carnej.<\/p>\n\n\n\n<p>8. Opracowanie scenariuszy po\u017carowych.<br>Opracowujemy scenariusze wsp\u00f3\u0142dzia\u0142ania urz\u0105dze\u0144 przeciwpo\u017carowych w obiekcie na wypadek powstania po\u017caru.<\/p>\n\n\n\n<p>9. Opracowanie plan\u00f3w ewakuacyjnych.<br>Opracowujemy plany ewakuacyjne dla r\u00f3\u017cnego rodzaju obiekt\u00f3w.<\/p>\n\n\n\n<p>10. Okre\u015blanie wymog\u00f3w w zakresie wyposa\u017cenia obiekt\u00f3w w urz\u0105dzenia przeciwpo\u017carowe oraz oznakowanie ewakuacyjne i ochrony ppo\u017c.<br>Doradzamy w zakresie wyposa\u017cenia obiekt\u00f3w w urz\u0105dzenia przeciwpo\u017carowe oraz oznakowanie ewakuacyjne i ochrony ppo\u017c.<\/p>\n","protected":false},"excerpt":{"rendered":"<p>Ochrona przeciwpo\u017carowa Jamar pomo\u017ce wykona\u0107 dzia\u0142ania pozwalaj\u0105ce na spe\u0142nienie przez firm\u0119 wymog\u00f3w wynikaj\u0105cych z obowi\u0105zuj\u0105cych przepis\u00f3w. Oferujemy us\u0142ugi:1. Opracowanie Instrukcji Bezpiecze\u0144stwa Po\u017carowegoOferujemy opracowanie instrukcji bezpiecze\u0144stwa po\u017carowego dla r\u00f3\u017cnego rodzaju obiekt\u00f3w r\u00f3wnie\u017c sakralnych.Kompleksowa us\u0142uga w tym zakresie obejmuje: dok\u0142adn\u0105 inwentaryzacj\u0119 obiektu i zainstalowanych w nim urz\u0105dze\u0144 przeciwpo\u017carowych; sprawdzenie obowi\u0105zuj\u0105cych w obiekcie procedur ewakuacyjnych lub w przypadku &hellip; <\/p>\n<p class=\"link-more\"><a href=\"https:\/\/www.jamarbhp.pl\/index.php\/uslugi-ppoz\/\" class=\"more-link\">Czytaj dalej<span class=\"screen-reader-text\"> Us\u0142ugi Ppo\u017c<\/span><\/a><\/p>\n","protected":false},"author":1,"featured_media":0,"parent":0,"menu_order":0,"comment_status":"closed","ping_status":"closed","template":"","meta":[],"_links":{"self":[{"href":"https:\/\/www.jamarbhp.pl\/index.php\/wp-json\/wp\/v2\/pages\/46"}],"collection":[{"href":"https:\/\/www.jamarbhp.pl\/index.php\/wp-json\/wp\/v2\/pages"}],"about":[{"href":"https:\/\/www.jamarbhp.pl\/index.php\/wp-json\/wp\/v2\/types\/page"}],"author":[{"embeddable":true,"href":"https:\/\/www.jamarbhp.pl\/index.php\/wp-json\/wp\/v2\/users\/1"}],"replies":[{"embeddable":true,"href":"https:\/\/www.jamarbhp.pl\/index.php\/wp-json\/wp\/v2\/comments?post=46"}],"version-history":[{"count":1,"href":"https:\/\/www.jamarbhp.pl\/index.php\/wp-json\/wp\/v2\/pages\/46\/revisions"}],"predecessor-version":[{"id":47,"href":"https:\/\/www.jamarbhp.pl\/index.php\/wp-json\/wp\/v2\/pages\/46\/revisions\/47"}],"wp:attachment":[{"href":"https:\/\/www.jamarbhp.pl\/index.php\/wp-json\/wp\/v2\/media?parent=46"}],"curies":[{"name":"wp","href":"https:\/\/api.w.org\/{rel}","templated":true}]}}